and h?
12
Let m = 74 + -57. What is the highest common factor of m and 34?
17
Let c(q) = q**2 - 7*q + 15. Let u be c(10). Let j = 8 - 5. Suppose -d = -5*d + j*b + 8, -5*b + 20 = 0. Calculate the highest common factor of u and d.
5
Let d be 1/4 + 696/32. What is the greatest common factor of d and 11?
11
Let m be 3*((-14)/(-21) + (-16)/(-6)). What is the highest common divisor of m and 80?
10
Suppose d - 3*d + 36 = 0. Let y = 3 - -51. What is the greatest common divisor of d and y?
18
Let v = -35 - -47. Suppose -75 = -3*n + 5*c, 0*c - 135 = -5*n + 5*c. What is the greatest common factor of n and v?
6
Let o be (1 - 3)*5/5. Let l be (-10)/15*27/o. Let x be (126/(-4))/(2/(-4)). Calculate the highest common factor of x and l.
9
Suppose 3*t - 55 = -2*h, 0*h - 4*h + 101 = -3*t. Calculate the greatest common factor of 65 and h.
13
Suppose -19 = 2*i + 3*t, 2*i - 4*t + 27 - 1 = 0. Let p = -25 - i. Let o = p - -26. What is the highest common factor of 12 and o?
12
Let b be 2/6*(0 - -9). Let w = 29 + -57. Let x = w - -52. Calculate the greatest common divisor of b and x.
3
Suppose o + o + 1 = 3*b, 0 = 4*o + 5*b - 53. Let y be -3*4/(-24)*132. Let l be 16/(-4) + 1 + y. Calculate the highest common divisor of o and l.
7
Suppose 3*d = 2 + 7. Suppose 2*j - 2*x - 16 = 0, 3*j + 5*x - 5 = 19. Suppose c - 6 = -4*a, c = -d*c + j. Calculate the highest common factor of a and 3.
1
Let z(g) be the second derivative of -g**4/12 + 3*g**3 + 7*g**2 + g. Let x be z(11). What is the greatest common divisor of 13 and x?
13
Suppose -10*i + 594 = -4*i. Calculate the highest common divisor of i and 22.
11
Suppose 6*b - 2*b = 16. Let w = 3 + 3. Calculate the greatest common factor of w and b.
2
Suppose 0*v = 2*v - z - 10, 4*z = -2*v. Calculate the highest common divisor of v and 4.
4
Let u(x) = x**2 - x + 21. Let q be u(0). Let t(i) = 9*i**3 + 2*i. Let l be t(2). Let a = -13 + l. What is the greatest common factor of a and q?
21
Let k(w) = w**3 - 18*w**2 + 17*w + 12. Let h be k(17). Calculate the greatest common divisor of h and 156.
12
Let t(x) = 7*x**2 - x + 3. Let k be t(-4). Let u = 20 + -3. Calculate the greatest common divisor of u and k.
17
Suppose 4*d = -5*b + 504, -52 = 3*b - 5*d - 347. Calculate the greatest common factor of b and 40.
20
Suppose -35 = 2*b - 3. Let r = 24 + b. What is the highest common factor of 56 and r?
8
Suppose 0 = -m - 0*m + 4. Suppose -2*a - 162 = -m*i, -i + 30 = a - 15. Let x = -14 - -20. Calculate the highest common divisor of i and x.
6
Let h be ((-12)/1 - 0)/(-2). Calculate the greatest common factor of h and 3.
3
Suppose 0 = -4*y - 3*c + 72, 72 = 4*y + 3*c - 8*c. What is the greatest common divisor of 162 and y?
18
Let u = -71 + 74. Calculate the highest common factor of 6 and u.
3
Let v be (-22528)/(-48) - (-2)/(-6). What is the highest common divisor of 67 and v?
67
Suppose 2*r + 2*a + 4 = 16, -3*r + 5*a = 14. Suppose -r*f - 4 = -3*f. Let k be ((-6)/f)/(5/(-570)). Calculate the greatest common divisor of 19 and k.
19
Let u(o) = 2*o + 3. Let w be u(-6). Suppose -4*s - 2*i = 14, 0 = 4*s - 4*i - 0*i + 44. Let t = s - w. What is the highest common divisor of t and 15?
3
Let r(d) = -d**3 - 4*d**2 + 3*d - 2. Let b(n) = 2*n - 1. Let h be b(-2). Let m be r(h). What is the highest common factor of m and 1?
1
Let s = -2 - -6. Suppose 0 = -0*f - 2*f + 4. What is the greatest common divisor of s and f?
2
Let u be 6/(-8) - (-1233)/12. Let z be 1/(6/(-9))*u. Let v = 223 + z. What is the greatest common divisor of v and 14?
14
Let w(p) = -p**3 - 3*p + 4. Let o be w(-5). Suppose 2*n = -2*v + o, -v + 38 = -3*n - 54. Let m = 16 + -5. Calculate the highest common factor of v and m.
11
Let z be 1/(-5) - 58/10. Let k be (-2 - -2)*(-3)/z. Suppose k = 4*v - 4*l - 196, -4*v - 5*l + 156 = -l. Calculate the highest common divisor of v and 4.
4
Let d = -11 + 20. Let f = 1 + 5. What is the greatest common factor of f and d?
3
Let n(g) = -9*g - 6. Suppose -3*i - 3*f - 3 = 0, -8 = i - 3*i - 4*f. Let a be n(i). Suppose -5*b + 29 + 31 = 0. Calculate the highest common divisor of a and b.
12
Suppose 50 = q - 3*r - r, r - 145 = -5*q. Calculate the highest common divisor of 270 and q.
30
Suppose 4*p - 6 - 54 = 0. Let j be -14*(p/2)/(-5). What is the highest common factor of j and 63?
21
Let w(u) = -5*u + 6. Let k be w(-4). What is the highest common divisor of k and 234?
26
Let b be (0 - 19/2)/((-9)/18). What is the greatest common divisor of 19 and b?
19
Let v(q) = -4*q - 3*q + 6*q + 9 - 2. Let s be v(5). Suppose 2*d - 97 - 53 = -2*r, -r + s*d + 66 = 0. Calculate the greatest common factor of 18 and r.
18
Let v be (-3 + 61/(-5))*-5. What is the highest common divisor of 57 and v?
19
Let a(s) = s**3 - 5 + 0*s**3 - 2*s**3 + 2*s - 4*s**2. Let k be a(-5). What is the highest common factor of k and 80?
10
Suppose -z + 2*n = -12, z + 2*n + 12 = -2*n. Let k be 100/8 + (-2)/z. What is the highest common divisor of 30 and k?
6
Let m = -338 - -124. Let f = -93 - m. Suppose -4*v - 2*u - u = -56, -2 = -2*v + 5*u. What is the greatest common factor of v and f?
11
Let g be ((-1620)/(-63))/(8/28). Let x(a) = 8*a**3 - 2*a**2 + 3*a - 2. Let i be x(2). Calculate the greatest common factor of g and i.
30
Suppose -k = -2*k + 14. Let u = k + -3. What is the highest common divisor of 99 and u?
11
Suppose -6*b + 270 = 3*b. Calculate the highest common factor of b and 20.
10
Let x be 590/18 + (-2)/(-9). Let c(l) = 5*l**2 - l + 4. Let h be c(-4). Suppose -h = -3*g - g. What is the highest common factor of g and x?
11
Suppose 4*t + 4*k = 484, 0*k = k + 5. Suppose -2*m + 27 = d - 0*d, 3*m - 3*d = 45. What is the greatest common divisor of m and t?
14
Suppose 0 = 4*a + 2*h + 3*h - 25, 0 = 2*a + 4*h - 8. Let o(w) = 2*w - 1. Let p be o(-3). Let v = -3 - p. What is the greatest common factor of v and a?
2
Let c be 2*2/(-4)*-44. Let j = 311 + -300. Calculate the highest common factor of c and j.
11
Suppose -4*v + 5*q - 3*q = -134, 0 = -3*v + 4*q + 98. Calculate the greatest common factor of v and 34.
34
Let a = -42 - -81. Let o(z) = -z**2 + 6*z + 13. Let d be o(6). What is the greatest common factor of d and a?
13
Let r be ((-3)/(-1) - 0) + 2. Suppose -1 = -r*i + 19. Let g be (-5)/(-10) + 42/i. Calculate the highest common divisor of g and 11.
11
Let h be 7/(-4)*(-5 - -1). Calculate the highest common factor of 7 and h.
7
Suppose 0 = 2*o + 4 - 14. Suppose -n = 0, 101 = o*r + 5*n - 19. Let d(f) = 2*f - 4. Let y be d(8). Calculate the greatest common divisor of y and r.
12
Let q be ((-5)/(-20))/((-2)/(-72)). What is the greatest common divisor of 45 and q?
9
Suppose j - 2*g - 2 = 0, 15 = -j + 4*j - 3*g. Calculate the greatest common divisor of 2 and j.
2
Suppose 2636 = 5*g - 3*y + 7*y, -4*g - 3*y = -2109. What is the greatest common factor of 48 and g?
48
Let h be (-1)/2*(-592)/8. What is the highest common divisor of 185 and h?
37
Let b be (-2)/6 + 44/6. Suppose 3*v + 2*a = -0*a - 13, -3*v = -a - 2. Let y = 0 - v. Calculate the highest common divisor of y and b.
1
Suppose 25*d + 131 = 1131. Let a(s) = -s**3 - s**2 - 2*s - 3. Let z be a(-2). Calculate the greatest common factor of d and z.
5
Let i(k) = -k**3 + 9*k**2 + k + 8. Let q be i(9). Calculate the greatest common factor of q and 153.
17
Let i be 44/2 + 1/1. Let w = -361 - -522. Calculate the highest common divisor of w and i.
23
Suppose -3*j = -0*j - 12. Suppose -5*k + 2*c + 62 = 0, -k + j*k - 38 = 2*c. What is the greatest common divisor of 30 and k?
6
Suppose 2*i - 1296 = -2*i. Suppose -7*q + 3*q = -i. Suppose 7*c - 2*c - 55 = -5*b, 2*c - 2*b - 14 = 0. What is the highest common factor of c and q?
9
Suppose 4*s - 48 = 2*s. Calculate the greatest common divisor of 36 and s.
12
Suppose -33 = -5*u - 8. Suppose 176 = -u*i - j - 11, 2*j - 120 = 3*i. Let f = i + 56. What is the highest common factor of f and 2?
2
Let m(c) = -c**3 + c + 1. Let t be m(-1). What is the greatest common divisor of t and 1?
1
Let n(m) = m**3 - 5*m**2 + m + 2. Let t be n(5). Let s = t + -5. Let o be 11 + 0/(s + -3). What is the highest common divisor of 99 and o?
11
Let r = 193 + 5. Suppose -2*u + r = -5*w + 808, -3*w = -3*u - 375. What is the highest common divisor of w and 48?
24
Let a = -12 + 25. Let l(p) = 6*p**2 + 2*p + 1. Let i be l(-2). Let d = -8 + i. What is the 